4?
119
In base 7, what is 23 + -40?
-14
In base 5, what is -200031 + -3?
-200034
In base 3, what is 10012022 - 12?
10012010
In base 14, what is -c0 - -1?
-bd
In base 5, what is 10 + 1303?
1313
In base 16, what is -969 - -1?
-968
In base 7, what is 10422 - 1?
10421
In base 8, what is 23 - -12?
35
In base 10, what is -6997 + 1?
-6996
In base 10, what is -3 - -8?
5
In base 10, what is -940 - -1?
-939
In base 15, what is -1 + -35?
-36
In base 11, what is -a + 323?
314
In base 15, what is -b - -9e?
93
In base 15, what is 1bb8 - -3?
1bbb
In base 15, what is -2459 + -4?
-245d
In base 13, what is -151 + -a?
-15b
In base 9, what is 1 + 11563?
11564
In base 6, what is 234555 - -1?
235000
In base 5, what is -103 + 320?
212
In base 3, what is -10 - 2002?
-2012
In base 13, what is 3 - -9b?
a1
In base 6, what is -550 + 211?
-335
In base 4, what is 223 - 2?
221
In base 12, what is a9 - -61?
14a
In base 9, what is -3 + -222?
-225
In base 11, what is 5 - 10?
-6
In base 10, what is 208 + -2?
206
In base 4, what is -211233 - 22?
-211321
In base 15, what is -8 + -46?
-4e
In base 9, what is 7 - 105?
-87
In base 16, what is -393e + 4?
-393a
In base 10, what is -20 - -15?
-5
In base 6, what is -20 - 3314?
-3334
In base 7, what is -4 + -1551?
-1555
In base 7, what is 5 - 1066?
-1061
In base 10, what is -6 - 56?
-62
In base 15, what is 1 - -162?
163
In base 7, what is -213 - -66?
-114
In base 2, what is -10100100 + -1?
-10100101
In base 3, what is -11 + -102?
-120
In base 9, what is 2 - 216?
-214
In base 9, what is -117 + 7?
-110
In base 7, what is -13024 + -3?
-13030
In base 14, what is -3 + -66?
-69
In base 12, what is -4 + b1?
a9
In base 4, what is -113 - 211?
-330
In base 4, what is -13221 - 0?
-13221
In base 11, what is -6 + 6a?
64
In base 4, what is -3 + 32010?
32001
In base 11, what is -3 + 135?
132
In base 12, what is 38 + -33?
5
In base 14, what is 12b9 - 1?
12b8
In base 3, what is -1001111 + -10?
-1001121
In base 13, what is -1311 + -4?
-1315
In base 11, what is -4 - -427?
423
In base 16, what is 5 - 979?
-974
In base 16, what is 96 - 7f?
17
In base 9, what is 114 + -1?
113
In base 11, what is a5 + 5?
aa
In base 12, what is 11 + -3?
a
In base 15, what is -54 + 35?
-1e
In base 12, what is -258 - -3?
-255
In base 5, what is -1124 + 0?
-1124
In base 7, what is -1063 - 2?
-1065
In base 15, what is 6 - -3?
9
In base 6, what is 5 + 103?
112
In base 5, what is -1121 - 4?
-1130
In base 11, what is 742 + 18?
75a
In base 14, what is 2 - -35?
37
In base 6, what is -5124 - 0?
-5124
In base 4, what is 3112 + -10?
3102
In base 14, what is 3d2 - -3?
3d5
In base 4, what is -10 - -103331?
103321
In base 13, what is 0 - 1091?
-1091
In base 11, what is 15 - -6?
20
In base 16, what is -7c + 4?
-78
In base 8, what is 1060 - 5?
1053
In base 4, what is -10 - 1000?
-1010
In base 3, what is -10 + 1210?
1200
In base 11, what is 2751 - 5?
2747
In base 3, what is 10 - 1020?
-1010
In base 7, what is 1553 - 6?
1544
In base 2, what is 1000000 + -100?
111100
In base 6, what is 3 + -3404?
-3401
In base 14, what is -192 + 4?
-18c
In base 14, what is -cc - -6?
-c6
In base 3, what is 1 - -12000112?
12000120
In base 6, what is 14 + -5?
5
In base 9, what is 2 - -44?
46
In base 4, what is -3220 + 1?
-3213
In base 11, what is 0 - 518?
-518
In base 15, what is -3 + ee?
eb
In base 7, what is -16 + 5?
-11
In base 13, what is 5 + -9b5?
-9b0
In base 9, what is -25 + 2?
-23
In base 6, what is -300 + -3?
-303
In base 9, what is -38 + 1?
-37
In base 3, what is -1010221 - -10?
-1010211
In base 14, what is -4 + bb7?
bb3
In base 12, what is -4 - 54?
-58
In base 2, what is -1011110110101 - 10?
-1011110110111
In base 13, what is 2 + -5b6?
-5b4
In base 8, what is -42 - 4?
-46
In base 5, what is -102 - -10233?
10131
In base 13, what is 5 - 7?
-2
In base 5, what is 11 - -20022?
20033
In base 16, what is -1b7 - -6?
-1b1
In base 5, what is 1130 + 2?
1132
In base 14, what is -c - 1?
-d
In base 9, what is 3 + -3?
0
In base 14, what is -28 + 7b?
53
In base 4, what is -11312 + -2?
-11320
In base 15, what is 12c - 0?
12c
In base 15, what is -1 + -c5b?
-c5c
In base 9, what is 1 + -180?
-178
In base 8, what is -3 - -10116?
10113
In base 12, what is 1 - -190?
191
In base 16, what is e8 - 1?
e7
In base 16, what is 5 - -42b?
430
In base 5, what is 2 - 103?
-101
In base 5, what is -4 + -43431?
-43440
In base 12, what is -49a - -9?
-491
In base 13, what is -22b + -1?
-22c
In base 16, what is -3 - -20a?
207
In base 5, what is 10313 + 10?
10323
In base 11, what is -28780 - -5?
-28776
In base 12, what is 52 + 5?
57
In base 12, what is -1 + 1631?
1630
In base 5, what is 32 + 4?
41
In base 2, what is -1010 + 1001?
-1
In base 9, what is 48 - 34?
14
In base 8, what is -2333 + 16?
-2315
In base 4, what is -30312 + -3?
-30321
In base 9, what is -3 + -214?
-217
In base 10, what is -321 - 4?
-325
In base 3, what is -10 - -1202?
1122
In base 14, what is -609 + -4?
-60d
In base 8, what is -332 + 5?
-325
In base 7, what is 1241 - -2?
1243
In base 2, what is -100 + 0?
-100
In base 6, what is 33 + 53?
130
In base 4, what is -2210 - 12?
-2222
In base 13, what is 19 - -48?
64
In base 14, what is 1 - 1123?
-1122
In base 3, what is -10 - 1100?
-1110
In base 15, what is 0 - 26?
-26
In base 13, what is -1c - -1a4?
185
In base 11, what is -4 - 25?
-29
In base 7, what is 26 - 125?
-66
In base 6, what is 20 + -11?
5
In base 5, what is -10 - 1134?
-1144
In base 4, what is -201 - 3002?
-3203
In base 7, what is 33 - -10?
43
In base 7, what is 5 - 23564?
-23556
In base 12, what is -6a + -1?
-6b
In base 5, what is 10 + -123?
-113
In base 3, what is 2 - 10212022?
-10212020
In base 4, what is 2 + 311103?
311111
In base 14, what is 3 - -4?
7
In base 5, what is 1 + 234?
240
In base 14, what is -1 + 1253?
1252
In base 16, what is 145a - -5?
145f
In base 8, what is 1 + 2674?
2675
In base 9, what is 432 + 5?
437
In base 7, what is 1 - 21?
-20
In base 8, what is -3 + 4711?
4706
In base 5, what is 14 - -14?
33
In base 12, what is 2 - 1760?
-175a
In base 12, what is -b3 - -5?
-aa
In base 8, what is -3615 + -4?
-3621
In base 14, what is -389 - 0?
-389
In base 6, what is -441 + 13?
-424
In base 11, what is -2 + -30?
-32
In base 7, what is 54 + -3?
51
In base 5, what is 3 + 33330?
33333
In base 4, what is 10 - -1011?
1021
In base 10, what is -892 - -1?
-891
In base 13, what is 0 - -43?
43
In base 10, what is 6 + 208?
214
In base 15, what is -50 + 4?
-4b
In base 3, what is -11 + -12200?
-12211
In base 8, what is -70 + -204?
-274
In base 4, what is 0 + -12110?
-12110
In base 3, what is -102020 - -21?
-101222
In base 14, what is -40 + 3?
-3b
In base 4, what is -200 + 1?
-133
In base 5, what is -32 - 2?
-34
In base 6, what is -2 - -4?
2
In base 10, what is -15 + -18?
-33
In base 8, what is 2 - 264?
-262
In base 6, what is -1 - 153?
-154
In base 10, what is -2 + 49?
47
In base 3, what is 2011 - 20?
1221
In base 6, what is -3 - -313?
310
In base 13, what is -55 - 5a?
-b2
In base 11, what is a - -157?
166
In base 2, what is -11000 + 1011?
-1101
In base 5, what is 1 - 2234?
-2233
In base 6, what is 20 - -25?
45
In base 14, what is 1 - -162?
163
In base 15, what is 0 + -a?
-a
In base 8, what is 555 - -20?
575
In base 5, what is 4 - 1201?
-1142
In base 7, what is -14235 + 3?
-14232
In base 14, what is 3 + 3a?
3d
In base 4, what is 21 + 202?
223
In base 2, what is -10000101001 + 1?
-10000101000
In base 12, what is 441 - -4?
445
In base 13, what is -92 - 2a?
-bc
In base 11, what is -3 + -328?
-330
In base 2, what is -11 + 1111?
1100
In base 8, what is -64 - -6?
-56
In base 9, what is -21112 - 1?
-21113
In base 15, what is 1 - -383?
384
In base 7, what is 234 - 33?
201
In base 3, what is 10 + -10011?
-10001
In base 7, what is -61 - 121?
-212
In base 4, what is -3 + 3232?
3223
In base 11, what is 32 - 6?
27
In base 7, what is -21415 - 0?
-21415
In base 9, what is 55 + 4?
60
In base 6, what is 1334 - -4?
1342
In base 4, what is -3 - 31?
-100
In base 10, what is 38 - -14?
52
In base 12, what is 608 - -1?
609
In base 4, what is -2 + -21211?
-21213
In base 3, what is 12202 + 12100?
102002
In base 4, what is -12 - 100?
-112
In base 15, what is -2 + 193e?
193c
In base 11, what is -1a - 47?
-66
In base 9, what is -5 + -1015?
-1021
In base 9, what is 736 - 2?
734
In base 5, what is -4 